35
Calculate the highest common divisor of 1010 and 10.
10
Calculate the greatest common factor of 6214 and 26.
26
What is the highest common factor of 48 and 16784?
16
What is the highest common factor of 455 and 7?
7
What is the greatest common factor of 93 and 93?
93
Calculate the highest common factor of 3024 and 80.
16
What is the highest common divisor of 20 and 410?
10
Calculate the greatest common factor of 8712 and 198.
198
Calculate the highest common divisor of 109 and 1090.
109
Calculate the greatest common divisor of 666 and 148.
74
What is the highest common factor of 3008 and 141?
47
Calculate the highest common factor of 5494 and 164.
82
What is the greatest common factor of 407 and 704?
11
Calculate the greatest common divisor of 3237 and 83.
83
Calculate the greatest common factor of 1736 and 31.
31
What is the highest common divisor of 4224 and 66?
66
What is the highest common factor of 171 and 18?
9
Calculate the greatest common factor of 320 and 13040.
80
What is the highest common divisor of 2176 and 34?
34
Calculate the greatest common factor of 1976 and 247.
247
Calculate the highest common factor of 90991 and 19.
19
What is the highest common divisor of 9 and 30?
3
Calculate the highest common divisor of 18316 and 723.
241
Calculate the highest common divisor of 124 and 279.
31
What is the greatest common factor of 40 and 10?
10
Calculate the highest common divisor of 22 and 572.
22
Calculate the highest common divisor of 14359 and 332.
83
What is the highest common divisor of 4 and 1532?
4
Calculate the highest common divisor of 52 and 4.
4
Calculate the greatest common factor of 63 and 351.
9
Calculate the highest common divisor of 32 and 1000.
8
Calculate the greatest common divisor of 1194 and 3.
3
What is the highest common divisor of 25 and 425?
25
What is the greatest common divisor of 56 and 728?
56
What is the highest common factor of 5676 and 156?
12
What is the greatest common factor of 124 and 54?
2
Calculate the greatest common divisor of 13 and 637.
13
Calculate the greatest common factor of 4 and 68.
4
Calculate the highest common factor of 176 and 22.
22
Calculate the greatest common factor of 4577 and 796.
199
What is the greatest common factor of 960 and 4440?
120
Calculate the highest common divisor of 71 and 27832.
71
What is the greatest common factor of 14 and 4?
2
Calculate the greatest common divisor of 4183 and 89.
89
Calculate the greatest common divisor of 4 and 92.
4
What is the greatest common divisor of 77 and 3983?
7
What is the highest common divisor of 164 and 14186?
82
What is the greatest common factor of 2783 and 23?
23
What is the highest common divisor of 323 and 38?
19
Calculate the highest common factor of 6 and 66.
6
What is the highest common factor of 202 and 505?
101
What is the greatest common factor of 1116 and 732?
12
What is the highest common factor of 481 and 143?
13
What is the highest common factor of 32 and 96?
32
Calculate the greatest common factor of 27 and 1.
1
Calculate the greatest common divisor of 847 and 33.
11
What is the greatest common divisor of 231 and 2233?
77
Calculate the greatest common divisor of 38 and 28766.
38
What is the highest common divisor of 1691 and 38?
19
Calculate the highest common divisor of 2488 and 1.
1
Calculate the greatest common divisor of 403 and 93.
31
What is the highest common factor of 405 and 891?
81
What is the greatest common divisor of 150 and 350?
50
What is the highest common divisor of 158 and 15958?
158
Calculate the highest common divisor of 27 and 25407.
27
Calculate the greatest common divisor of 6237 and 486.
81
Calculate the greatest common factor of 108 and 378.
54
Calculate the greatest common divisor of 30 and 195.
15
What is the highest common factor of 5254 and 37?
37
What is the highest common divisor of 297 and 33?
33
What is the greatest common factor of 781 and 284?
71
What is the highest common divisor of 2548 and 208?
52
What is the highest common factor of 36 and 6444?
36
Calculate the highest common factor of 44 and 4268.
44
Calculate the greatest common divisor of 20 and 90.
10
What is the greatest common factor of 1 and 442?
1
What is the greatest common factor of 72 and 45?
9
What is the highest common divisor of 924 and 88?
44
What is the greatest common factor of 225 and 800?
25
What is the highest common factor of 10 and 46?
2
What is the highest common factor of 517 and 188?
47
Calculate the highest common divisor of 574 and 140.
14
Calculate the highest common factor of 966 and 11454.
138
Calculate the greatest common factor of 39 and 13.
13
Calculate the highest common factor of 4087 and 61.
61
What is the highest common factor of 51 and 5389?
17
What is the highest common factor of 29 and 29?
29
What is the highest common factor of 52 and 1027?
13
Calculate the greatest common divisor of 12 and 54.
6
Calculate the highest common divisor of 3944 and 1392.
232
Calculate the highest common factor of 467 and 3.
1
What is the greatest common divisor of 209 and 8094?
19
What is the greatest common divisor of 77 and 1001?
77
What is the highest common factor of 60 and 177?
3
What is the greatest common factor of 22 and 6?
2
Calculate the greatest common factor of 25 and 175.
25
Calculate the greatest common divisor of 29 and 22678.
29
What is the greatest common divisor of 16 and 264?
8
Calculate the greatest common divisor of 84 and 8106.
42
Calculate the highest common factor of 22 and 516.
2
What is the greatest common divisor of 19 and 1007?
19
Calculate the highest common divisor of 84048 and 24.
24
What is the greatest common factor of 111 and 1517?
37
Calculate the greatest common factor of 1484 and 28.
28
What is the highest common factor of 14 and 2534?
14
Calculate the highest common factor of 4536 and 3276.
252
What is the greatest common factor of 14 and 14?
14
Calculate the highest common divisor of 1517 and 148.
37
What is the greatest common factor of 429 and 1254?
33
Calculate the greatest common factor of 46 and 27646.
46
Calculate the greatest common divisor of 150 and 129.
3
What is the highest common factor of 814 and 22?
22
Calculate the greatest common factor of 6 and 25662.
6
What is the greatest common factor of 28 and 4?
4
Calculate the greatest common divisor of 30 and 260.
10
Calculate the greatest common divisor of 324 and 243.
81
Calculate the greatest common divisor of 220 and 20.
20
What is the highest common factor of 105 and 378?
21
What is the highest common divisor of 16 and 996?
4
Calculate the highest common divisor of 10 and 1355.
5
Calculate the highest common factor of 286 and 198.
22
Calculate the greatest common factor of 11384 and 32.
8
Calculate the greatest common factor of 4865 and 35.
35
What is the highest common divisor of 136 and 40?
8
Calculate the highest common factor of 96 and 42.
6
Calculate the highest common factor of 351 and 195.
39
Calculate the greatest common factor of 870 and 35.
5
Calculate the highest common divisor of 1518 and 44.
22
Calculate the greatest common divisor of 28 and 140.
28
What is the highest common factor of 168 and 952?
56
Calculate the greatest common factor of 264 and 12276.
132
What is the greatest common divisor of 765 and 7905?
255
Calculate the greatest common divisor of 8805 and 15.
15
What is the highest common divisor of 18 and 558?
18
Calculate the highest common factor of 57 and 741.
57
Calculate the highest common divisor of 2544 and 72.
24
What is the greatest common divisor of 47 and 18283?
47
What is the greatest common divisor of 6 and 57?
3
Calculate the highest common factor of 172 and 43.
43
What is the highest common factor of 1612 and 248?
124
Calculate the greatest common divisor of 5457 and 9.
3
Calculate the highest common divisor of 64 and 13.
1
Calculate the highest common divisor of 24 and 56.
8
Calculate the highest common divisor of 1310 and 20.
10
Calculate the greatest common divisor of 16 and 16.
16
What is the greatest common factor of 6112 and 128?
32
Calculate the highest common factor of 875 and 35.
35
What is the greatest common divisor of 63 and 261?
9
What is the highest common factor of 6204 and 423?
141
Calculate the highest common divisor of 36 and 4504.
4
What is th